{"id":1123,"date":"2025-05-18T22:25:01","date_gmt":"2025-05-19T01:25:01","guid":{"rendered":"https:\/\/www.kymodontologia.cl\/?page_id=1123"},"modified":"2025-06-26T20:15:37","modified_gmt":"2025-06-26T23:15:37","slug":"about","status":"publish","type":"page","link":"https:\/\/www.kymodontologia.cl\/?page_id=1123","title":{"rendered":"Quienes Somos"},"content":{"rendered":"\n<div class=\"wp-block-uagb-container uagb-block-4902463a alignfull uagb-is-root-container\"><div class=\"uagb-container-inner-blocks-wrap\">\n<div class=\"wp-block-uagb-advanced-heading uagb-block-a651693a\"><div class=\"uagb-separator\"><\/div><h1 class=\"uagb-heading-text\">Comprometidos con tu salud bucal integral<\/h1><\/div>\n<\/div><\/div>\n\n\n\n<div class=\"wp-block-uagb-container uagb-block-10c39542 alignfull uagb-is-root-container\"><div class=\"uagb-container-inner-blocks-wrap\">\n<div class=\"wp-block-uagb-container uagb-block-0987b86f alignfull uagb-is-root-container\"><div class=\"uagb-container-inner-blocks-wrap\">\n<div class=\"wp-block-uagb-advanced-heading uagb-block-aa35732e\"><div class=\"uagb-separator\"><\/div><h2 class=\"uagb-heading-text\">Conoce m\u00e1s sobre K&amp;M Odontolog\u00eda Integral y nuestro compromiso con la salud dental<\/h2><\/div>\n\n\n\n<div class=\"wp-block-uagb-advanced-heading uagb-block-a57423e9\"><p class=\"uagb-heading-text\">En K&amp;M Odontolog\u00eda Integral, nuestra cl\u00ednica est\u00e1 dedicada a brindar un cuidado dental excepcional en Puerto Montt. Con un enfoque en la salud bucal y un servicio c\u00e1lido, nuestro equipo, est\u00e1 aqu\u00ed para ayudarte.<\/p><p class=\"uagb-desc-text\">Nuestros pacientes han experimentado mejoras significativas en su salud bucal y bienestar. Gracias a un trato cercano y profesional, hemos logrado construir una s\u00f3lida reputaci\u00f3n en la comunidad.<\/p><\/div>\n<\/div><\/div>\n\n\n\n<div class=\"wp-block-uagb-image aligncenter uagb-block-a5f8f61f wp-block-uagb-image--layout-default wp-block-uagb-image--effect-static wp-block-uagb-image--align-center\"><figure class=\"wp-block-uagb-image__figure\"><img decoding=\"async\" srcset=\"https:\/\/www.kymodontologia.cl\/wp-content\/uploads\/2025\/06\/Turquesa-transp-vertical-1-1024x1024.png ,https:\/\/www.kymodontologia.cl\/wp-content\/uploads\/2025\/06\/Turquesa-transp-vertical-1.png 780w, https:\/\/www.kymodontologia.cl\/wp-content\/uploads\/2025\/06\/Turquesa-transp-vertical-1.png 360w\" sizes=\"auto, (max-width: 480px) 150px\" src=\"https:\/\/www.kymodontologia.cl\/wp-content\/uploads\/2025\/06\/Turquesa-transp-vertical-1-1024x1024.png\" alt=\"\" class=\"uag-image-1279\" width=\"1200\" height=\"470\" title=\"Turquesa transp vertical\" loading=\"lazy\" role=\"img\"\/><\/figure><\/div>\n<\/div><\/div>\n\n\n\n<div class=\"wp-block-uagb-container uagb-block-3b46b7c5 alignfull uagb-is-root-container\"><div class=\"uagb-container-inner-blocks-wrap\">\n<div class=\"wp-block-uagb-advanced-heading uagb-block-26e4386e\"><div class=\"uagb-separator\"><\/div><h2 class=\"uagb-heading-text\">Nuestra Misi\u00f3n<\/h2><p class=\"uagb-desc-text\">Brindar una atenci\u00f3n odontol\u00f3gica de calidad y oportuna, satisfaciendo las necesidades de nuestros pacientes, entregando tratamientos de excelencia y personalizados para cada caso.<\/p><\/div>\n\n\n\n<div class=\"wp-block-uagb-advanced-heading uagb-block-57ce3c5c\"><div class=\"uagb-separator\"><\/div><h2 class=\"uagb-heading-text\">Nuestros Valores<\/h2><p class=\"uagb-desc-text\">Valoramos la excelencia en el servicio, el respeto hacia nuestros pacientes y el compromiso con la mejora continua en todas nuestras pr\u00e1cticas odontol\u00f3gicas.<\/p><\/div>\n\n\n\n<div class=\"wp-block-uagb-advanced-heading uagb-block-e454bd3d\"><div class=\"uagb-separator\"><\/div><h2 class=\"uagb-heading-text\">Nuestra Visi\u00f3n<\/h2><p class=\"uagb-desc-text\">Ser la cl\u00ednica odontol\u00f3gica l\u00edder en la regi\u00f3n, con especialistas altamente capacitados, con actualizaciones constantes, formados en universidades de prestigio para satisfacer las necesidades de nuestros pacientes, as\u00ed como tambi\u00e9n destacarnos por la calidad humana de todo el personal para as\u00ed crear v\u00ednculos con nuestros pacientes y sus familias.<\/p><\/div>\n<\/div><\/div>\n\n\n\n<div class=\"wp-block-uagb-container uagb-block-2d1e4144 alignfull uagb-is-root-container\"><div class=\"uagb-container-inner-blocks-wrap\"><\/div><\/div>\n\n\n\n<div class=\"wp-block-uagb-container uagb-block-804a406b alignfull uagb-is-root-container\"><div class=\"uagb-container-inner-blocks-wrap\">\n<div class=\"wp-block-group is-layout-constrained wp-block-group-is-layout-constrained\">\n<div class=\"wp-block-columns is-layout-flex wp-container-core-columns-is-layout-28f84493 wp-block-columns-is-layout-flex\">\n<div class=\"wp-block-column is-layout-flow wp-block-column-is-layout-flow\" style=\"flex-basis:100%\">\n<div class=\"wp-block-uagb-info-box uagb-block-fd4425a9 uagb-infobox__content-wrap  uagb-infobox-icon-above-title uagb-infobox-image-valign-top wp-block-uagb-info-box--has-margin\"><div class=\"uagb-infobox-margin-wrapper\"><div class=\"uagb-ifb-content\"><div class=\"uagb-ifb-title-wrap\"><div class=\"uagb-ifb-separator\"><\/div><h2 class=\"uagb-ifb-title\">\u00a1Cont\u00e1ctanos y mejora tu salud dental!<\/h2><\/div><p class=\"uagb-ifb-desc\"><br>Horarios de Atenci\u00f3n:<br>Lunes\u00a0\u00a0\u00a0\u00a0\u00a0\u00a0\u00a0\u00a0\u00a0\u00a0\u00a0\u00a09:30 a 13:00 &#8211; 14:00 a 19:30<br>Martes\u00a0\u00a0\u00a0\u00a0\u00a0\u00a0\u00a0\u00a0\u00a0\u00a0\u00a09:30 a 13:00 &#8211; 14:00 a 19:30<br>Mi\u00e9rcoles\u00a0\u00a0\u00a0\u00a0 9:30 a 13:00 &#8211; 14:00 a 19:30<br>Jueves\u00a0\u00a0\u00a0\u00a0\u00a0\u00a0\u00a0\u00a0\u00a0\u00a0\u00a0 9:30 a 13:00 &#8211; 14:00 a 19:30<br>Viernes\u00a0\u00a0\u00a0\u00a0\u00a0\u00a0\u00a0\u00a0\u00a0\u00a0\u00a09:30 a 13:00 &#8211; 14:00 a 19:30<br>\u00a0<br>Tel\u00e9fono: +569 98714005<br><br>Direcci\u00f3n<br>Edificio Capital, Antonio Varas 55, piso 7, oficina 705, Puerto Montt, Chile<br><\/p><\/div><\/div><\/div>\n<\/div>\n<\/div>\n<\/div>\n<\/div><\/div>\n","protected":false},"excerpt":{"rendered":"<p>Comprometidos con tu salud bucal integral Conoce m\u00e1s sobre K&amp;M Odontolog\u00eda Integral y nuestro compromiso con la salud dental En [&hellip;]<\/p>\n","protected":false},"author":1,"featured_media":0,"parent":0,"menu_order":0,"comment_status":"closed","ping_status":"closed","template":"","meta":{"_uag_custom_page_level_css":"","site-sidebar-layout":"default","site-content-layout":"","ast-site-content-layout":"","site-content-style":"default","site-sidebar-style":"default","ast-global-header-display":"","ast-banner-title-visibility":"","ast-main-header-display":"","ast-hfb-above-header-display":"","ast-hfb-below-header-display":"","ast-hfb-mobile-header-display":"","site-post-title":"disabled","ast-breadcrumbs-content":"","ast-featured-img":"","footer-sml-layout":"","theme-transparent-header-meta":"","adv-header-id-meta":"","stick-header-meta":"","header-above-stick-meta":"","header-main-stick-meta":"","header-below-stick-meta":"","astra-migrate-meta-layouts":"default","ast-page-background-enabled":"default","ast-page-background-meta":{"desktop":{"background-color":"var(--ast-global-color-4)","background-image":"","background-repeat":"repeat","background-position":"center center","background-size":"auto","background-attachment":"scroll","background-type":"","background-media":"","overlay-type":"","overlay-color":"","overlay-opacity":"","overlay-gradient":""},"tablet":{"background-color":"","background-image":"","background-repeat":"repeat","background-position":"center center","background-size":"auto","background-attachment":"scroll","background-type":"","background-media":"","overlay-type":"","overlay-color":"","overlay-opacity":"","overlay-gradient":""},"mobile":{"background-color":"","background-image":"","background-repeat":"repeat","background-position":"center center","background-size":"auto","background-attachment":"scroll","background-type":"","background-media":"","overlay-type":"","overlay-color":"","overlay-opacity":"","overlay-gradient":""}},"ast-content-background-meta":{"desktop":{"background-color":"var(--ast-global-color-5)","background-image":"","background-repeat":"repeat","background-position":"center center","background-size":"auto","background-attachment":"scroll","background-type":"","background-media":"","overlay-type":"","overlay-color":"","overlay-opacity":"","overlay-gradient":""},"tablet":{"background-color":"var(--ast-global-color-5)","background-image":"","background-repeat":"repeat","background-position":"center center","background-size":"auto","background-attachment":"scroll","background-type":"","background-media":"","overlay-type":"","overlay-color":"","overlay-opacity":"","overlay-gradient":""},"mobile":{"background-color":"var(--ast-global-color-5)","background-image":"","background-repeat":"repeat","background-position":"center center","background-size":"auto","background-attachment":"scroll","background-type":"","background-media":"","overlay-type":"","overlay-color":"","overlay-opacity":"","overlay-gradient":""}},"footnotes":""},"class_list":["post-1123","page","type-page","status-publish","hentry"],"uagb_featured_image_src":{"full":false,"thumbnail":false,"medium":false,"medium_large":false,"large":false,"1536x1536":false,"2048x2048":false},"uagb_author_info":{"display_name":"admin","author_link":"https:\/\/www.kymodontologia.cl\/?author=1"},"uagb_comment_info":0,"uagb_excerpt":"Comprometidos con tu salud bucal integral Conoce m\u00e1s sobre K&amp;M Odontolog\u00eda Integral y nuestro compromiso con la salud dental En [&hellip;]","_links":{"self":[{"href":"https:\/\/www.kymodontologia.cl\/index.php?rest_route=\/wp\/v2\/pages\/1123","targetHints":{"allow":["GET"]}}],"collection":[{"href":"https:\/\/www.kymodontologia.cl\/index.php?rest_route=\/wp\/v2\/pages"}],"about":[{"href":"https:\/\/www.kymodontologia.cl\/index.php?rest_route=\/wp\/v2\/types\/page"}],"author":[{"embeddable":true,"href":"https:\/\/www.kymodontologia.cl\/index.php?rest_route=\/wp\/v2\/users\/1"}],"replies":[{"embeddable":true,"href":"https:\/\/www.kymodontologia.cl\/index.php?rest_route=%2Fwp%2Fv2%2Fcomments&post=1123"}],"version-history":[{"count":8,"href":"https:\/\/www.kymodontologia.cl\/index.php?rest_route=\/wp\/v2\/pages\/1123\/revisions"}],"predecessor-version":[{"id":1281,"href":"https:\/\/www.kymodontologia.cl\/index.php?rest_route=\/wp\/v2\/pages\/1123\/revisions\/1281"}],"wp:attachment":[{"href":"https:\/\/www.kymodontologia.cl\/index.php?rest_route=%2Fwp%2Fv2%2Fmedia&parent=1123"}],"curies":[{"name":"wp","href":"https:\/\/api.w.org\/{rel}","templated":true}]}}